{"id":167,"date":"2021-11-03T13:23:27","date_gmt":"2021-11-03T12:23:27","guid":{"rendered":"https:\/\/antonio.mg\/?page_id=167"},"modified":"2021-12-23T16:23:49","modified_gmt":"2021-12-23T15:23:49","slug":"automatizacion","status":"publish","type":"page","link":"https:\/\/antonio.mg\/index.php\/un-acuario-con-ingenieria\/automatizacion\/","title":{"rendered":"Automatizaci\u00f3n"},"content":{"rendered":"\n<p>La automatizaci\u00f3n se controla mediante el sistema GHL Profilux 4. En la secci\u00f3n <a href=\"https:\/\/antonio.mg\/index.php\/un-acuario-con-ingenieria\/automatizacion\/configuracion-de-sistemas-profilux\/\" data-type=\"page\" data-id=\"206\">Configuraci\u00f3n de sistemas Profilux<\/a> se detallan las configuraciones concretas del sistema.<\/p>\n\n\n\n<h2 class=\"wp-block-heading\">Control de temperatura<\/h2>\n\n\n\n<p>La instalaci\u00f3n dispone tanto de un enfriador como de un calentador. Ambos est\u00e1n configurados a temperaturas alejadas de la temperatura objetivo del acuario (el enfriador est\u00e1 configurado a 25 y el calentador a 29). <\/p>\n\n\n\n<p>El calentador est\u00e1 colocado al final del recorrido del SUMP, cerca del retorno al acuario. El enfriador est\u00e1 colocado a continuaci\u00f3n del filtro externo Eheim, justo antes del retorno al acuario. De este modo, los cambios de temperatura se producen justo antes de aportar el agua al acuario.<\/p>\n\n\n\n<p>La electr\u00f3nica Profilux dispone de un sensor adicional de temperatura en el SUMP, colocado cerca de la entrada de agua al SUMP (la bajada de agua desde el acuario). De este modo, la medici\u00f3n de la temperatura no est\u00e1 afectada por los elementos de calentamiento o refrigeraci\u00f3n.<\/p>\n\n\n\n<p>El controlador Profilux activa alternativamente el calentador o el enfriador seg\u00fan la temperatura medida y la temperatura objetivo. El calentador se enciende cuando la temperatura cae por debajo de 26\u00ba C y se apaga cuando supera los 26.5\u00baC. El enfriador se enciende cuando la temperatura supera los 29\u00baC y se apaga cuando est\u00e1 por debajo de 28.5\u00baC. De este modo se asegura que no se activen los dos a la vez.<\/p>\n\n\n\n<h2 class=\"wp-block-heading\">Control de humedad y temperatura del armario<\/h2>\n\n\n\n<p>La electr\u00f3nica profilux dispone de un sensor de temperatura y humedad ambiente, que se ha colocado en el armario bajo el acuario. <\/p>\n\n\n\n<p>En el mismo mueble se ha instalado un extractor (Serie Silent 100, volumen de extracci\u00f3n de 95 m<sup>3<\/sup>\/h). <\/p>\n\n\n\n<p>El controlador Profilux activa el extractor cuando <\/p>\n\n\n\n<ul class=\"wp-block-list\"><li>La temperatura del interior del mueble sube por encima 29\u00baC, siempre y cuando la temperatura del acuario est\u00e9 por encima de 27.5\u00ba C.<\/li><li>La temperatura del interior del mueble sube por encima de 30\u00ba, o la humedad en el interior del mueble sube por encima de X%.<\/li><li>Cuando se activa el enfriador, ya que el mismo expulsa calor al interior del mueble. <\/li><\/ul>\n\n\n\n<h2 class=\"wp-block-heading\">Cambios de agua<\/h2>\n\n\n\n<p>Se han automatizado los cambios de agua combinando<\/p>\n\n\n\n<ul class=\"wp-block-list\"><li>Bomba perist\u00e1ltica 1000 ml\/minuto para la extracci\u00f3n de agua del acuario<\/li><li>Incorporaci\u00f3n de agua directamente desde la red (mediante dos electrov\u00e1lvulas y una v\u00e1lvula de corte por flotaci\u00f3n para seguridad adicional)<\/li><li>Sensores de nivel (\u00f3pticos y de flotaci\u00f3n)<\/li><li>Bomba perist\u00e1ltica de 4 canales para la incorporaci\u00f3n de aditivos<\/li><\/ul>\n\n\n\n<p>El proceso de cambio de agua es el siguiente<\/p>\n\n\n\n<ol class=\"wp-block-list\"><li>Se extraen 10 litros de agua del SUMP (hacia el desag\u00fce). Esto se logra activando la bomba perist\u00e1ltica de extracci\u00f3n durante 10 minutos.<\/li><li>Se detiene la bomba de subida del SUMP<\/li><li>Se esperan 3 minutos para asegurar que todo el agua del acuario ha bajado al SUMP<\/li><li>Auto-llenado<ul><li>Se inicia el proceso de auto-llenado del acuario, abriendo las electrov\u00e1lvulas hasta que el sensor \u00f3ptico de nivel de auto-llenado vuelve a estar en contacto con el agua<\/li><li>En paralelo, se incorpora el tratamiento anti-cloro correspondiente a 12 litros de agua con la bomba (se aporta m\u00e1s anticloro para compensar lo que se a\u00f1ade por la evaporaci\u00f3n)<\/li><\/ul><\/li><li>Se incorpora el tratamiento de sales correspondiente a 10 litros de agua (usando tres perist\u00e1lticas para los tres tipos de sales a a\u00f1adir)<\/li><li>Se enciende nuevamente la bomba de subida del acuario<\/li><\/ol>\n\n\n\n<p>Se han establecido adem\u00e1s una serie de par\u00e1metros de seguridad:<\/p>\n\n\n\n<ul class=\"wp-block-list\"><li>El sensor de nivel de seguridad superior (tipo flotaci\u00f3n) no debe nunca estar sumergido. Si este sensor se sumerge, se cortan inmediatamente todas las electrov\u00e1lvulas y se inicia una alarma<\/li><li>El sensor de nivel de seguridad inferior (tipo \u00f3ptico) debe siempre estar en contacto con el agua. Si este sensor queda sin agua, se corta inmediatamente la bomba de extracci\u00f3n de agua y se inicia una alarma. <\/li><li>El tiempo de llenado m\u00e1ximo es de 10 minutos. Si tras 10 minutos con las electrov\u00e1lvulas abiertas no se ha activado ninguno de los sensores \u00f3pticos, se detiene el proceso y se inicia una alarma.<\/li><\/ul>\n\n\n\n<h2 class=\"wp-block-heading\">Detecci\u00f3n de fugas<\/h2>\n\n\n\n<p>Se dispone de un sensor de fugas de agua colocado en el suelo bajo el SUMP. Si se detecta agua en dicho sensor, se cortan inmediatamente todas las electrov\u00e1lvulas, se corta la bomba de extracci\u00f3n de agua, y se inicia una alarma. <\/p>\n\n\n\n<h2 class=\"wp-block-heading\">Iluminaci\u00f3n<\/h2>\n\n\n\n<h3 class=\"wp-block-heading\">Iluminaci\u00f3n principal<\/h3>\n\n\n\n<p>La pantalla principal del acuario se enciende en un fotoperiodo de unas 10 horas, con simulaci\u00f3n de amanecer y anochecer y paso aleatorio de nubes. Tambi\u00e9n se simulan tormentas aleatorias.<\/p>\n\n\n\n<h3 class=\"wp-block-heading\">Iluminaci\u00f3n trasera<\/h3>\n\n\n\n<p>Una pantalla retroiluminada act\u00faa como fondo del acuario. Dicha iluminaci\u00f3n hace ciclos de mayor a menor intensidad simulando las fases de la luna.<\/p>\n\n\n\n<h3 class=\"wp-block-heading\">Iluminaci\u00f3n del SUMP<\/h3>\n\n\n\n<p>La iluminaci\u00f3n del SUMP facilita el crecimiento de las plantas y algas para la reducci\u00f3n de nitratos, con un fotoperiodo de 12 horas. <\/p>\n\n\n\n<p>El fotoperiodo est\u00e1 invertido, de modo que se aporte calor al acuario en las horas de la noche, cuando la l\u00e1mpara principal est\u00e1 apagada y cuando la temperatura ambiente es menor.<\/p>\n\n\n\n<p><\/p>\n","protected":false},"excerpt":{"rendered":"<p>La automatizaci\u00f3n se controla mediante el sistema GHL Profilux 4. En la secci\u00f3n Configuraci\u00f3n de sistemas Profilux se detallan las configuraciones concretas del sistema. Control de temperatura La instalaci\u00f3n dispone tanto de un enfriador como de un calentador. Ambos est\u00e1n configurados a temperaturas alejadas de la temperatura objetivo del acuario (el enfriador est\u00e1 configurado a &hellip; <a href=\"https:\/\/antonio.mg\/index.php\/un-acuario-con-ingenieria\/automatizacion\/\" class=\"more-link\">Continuar leyendo<span class=\"screen-reader-text\"> \u00abAutomatizaci\u00f3n\u00bb<\/span><\/a><\/p>\n","protected":false},"author":1,"featured_media":0,"parent":11,"menu_order":6,"comment_status":"closed","ping_status":"closed","template":"","meta":{"_monsterinsights_skip_tracking":false,"_monsterinsights_sitenote_active":false,"_monsterinsights_sitenote_note":"","_monsterinsights_sitenote_category":0,"footnotes":""},"class_list":["post-167","page","type-page","status-publish","hentry"],"_links":{"self":[{"href":"https:\/\/antonio.mg\/index.php\/wp-json\/wp\/v2\/pages\/167","targetHints":{"allow":["GET"]}}],"collection":[{"href":"https:\/\/antonio.mg\/index.php\/wp-json\/wp\/v2\/pages"}],"about":[{"href":"https:\/\/antonio.mg\/index.php\/wp-json\/wp\/v2\/types\/page"}],"author":[{"embeddable":true,"href":"https:\/\/antonio.mg\/index.php\/wp-json\/wp\/v2\/users\/1"}],"replies":[{"embeddable":true,"href":"https:\/\/antonio.mg\/index.php\/wp-json\/wp\/v2\/comments?post=167"}],"version-history":[{"count":3,"href":"https:\/\/antonio.mg\/index.php\/wp-json\/wp\/v2\/pages\/167\/revisions"}],"predecessor-version":[{"id":208,"href":"https:\/\/antonio.mg\/index.php\/wp-json\/wp\/v2\/pages\/167\/revisions\/208"}],"up":[{"embeddable":true,"href":"https:\/\/antonio.mg\/index.php\/wp-json\/wp\/v2\/pages\/11"}],"wp:attachment":[{"href":"https:\/\/antonio.mg\/index.php\/wp-json\/wp\/v2\/media?parent=167"}],"curies":[{"name":"wp","href":"https:\/\/api.w.org\/{rel}","templated":true}]}}