{"id":114,"date":"2021-10-30T16:40:52","date_gmt":"2021-10-30T14:40:52","guid":{"rendered":"https:\/\/antonio.mg\/?page_id=114"},"modified":"2021-10-30T16:46:00","modified_gmt":"2021-10-30T14:46:00","slug":"fotografia","status":"publish","type":"page","link":"https:\/\/antonio.mg\/index.php\/fotografia\/","title":{"rendered":"Fotograf\u00eda"},"content":{"rendered":"\n<p>La mayor\u00eda de las fotograf\u00edas que he publicado est\u00e1n en <a href=\"https:\/\/www.flickr.com\/photos\/othermore\/\">mi cuenta de flickr<\/a> (s\u00ed, soy as\u00ed de viejo). Algunas de mis favoritas, a continuaci\u00f3n. <\/p>\n\n\n\n<figure class=\"wp-block-embed is-type-rich is-provider-flickr wp-block-embed-flickr\"><div class=\"wp-block-embed__wrapper\">\n<a data-flickr-embed='true' href='https:\/\/www.flickr.com\/photos\/othermore\/albums\/72157601673766273' title='Mis propias favoritas by othermore (other), on Flickr'><img src='https:\/\/live.staticflickr.com\/1003\/1277278506_b55c922c22_c.jpg' width='800' height='600' alt='Vidas robadas: Girl in red'><\/a><script async src='https:\/\/embedr.flickr.com\/assets\/client-code.js' charset='utf-8'><\/script>\n<\/div><\/figure>\n","protected":false},"excerpt":{"rendered":"<p>La mayor\u00eda de las fotograf\u00edas que he publicado est\u00e1n en mi cuenta de flickr (s\u00ed, soy as\u00ed de viejo). Algunas de mis favoritas, a continuaci\u00f3n.<\/p>\n","protected":false},"author":1,"featured_media":0,"parent":0,"menu_order":0,"comment_status":"closed","ping_status":"closed","template":"","meta":{"_monsterinsights_skip_tracking":false,"_monsterinsights_sitenote_active":false,"_monsterinsights_sitenote_note":"","_monsterinsights_sitenote_category":0,"footnotes":""},"class_list":["post-114","page","type-page","status-publish","hentry"],"_links":{"self":[{"href":"https:\/\/antonio.mg\/index.php\/wp-json\/wp\/v2\/pages\/114","targetHints":{"allow":["GET"]}}],"collection":[{"href":"https:\/\/antonio.mg\/index.php\/wp-json\/wp\/v2\/pages"}],"about":[{"href":"https:\/\/antonio.mg\/index.php\/wp-json\/wp\/v2\/types\/page"}],"author":[{"embeddable":true,"href":"https:\/\/antonio.mg\/index.php\/wp-json\/wp\/v2\/users\/1"}],"replies":[{"embeddable":true,"href":"https:\/\/antonio.mg\/index.php\/wp-json\/wp\/v2\/comments?post=114"}],"version-history":[{"count":2,"href":"https:\/\/antonio.mg\/index.php\/wp-json\/wp\/v2\/pages\/114\/revisions"}],"predecessor-version":[{"id":121,"href":"https:\/\/antonio.mg\/index.php\/wp-json\/wp\/v2\/pages\/114\/revisions\/121"}],"wp:attachment":[{"href":"https:\/\/antonio.mg\/index.php\/wp-json\/wp\/v2\/media?parent=114"}],"curies":[{"name":"wp","href":"https:\/\/api.w.org\/{rel}","templated":true}]}}